t i = -175 + 179. Suppose 3*x - l - 14324 = 4*l, 0 = -i*l + 20. Is x prime?
True
Suppose -4*f = j - 181495 - 1091440, -3*f = 2*j - 954695. Is f composite?
True
Suppose l - 5*v = 24223, -4*l + 2*v + 15578 = -81314. Is l a prime number?
True
Let g(t) = 413*t**2 - 61*t - 285. Is g(-29) prime?
False
Suppose 78853 + 105397 = 11*s. Let g = s - 10439. Is g prime?
True
Suppose 18*q - 73 = -19. Let y = 37 + -36. Is (y + 196 + -3)/(2/q) a composite number?
True
Let w = 59523 + -16736. Is w a composite number?
False
Suppose -382115 - 934691 = -3*x - 5*w, -2194650 = -5*x - 3*w. Is x composite?
True
Let q(o) = -15*o**2 - 7*o - 7. Let x be q(-7). Let w = x - -3182. Is w composite?
True
Let j = 41004 - 25211. Is j a composite number?
True
Suppose 10*v - 36 = v. Let b = -5 + v. Is b*(1 + -495 - (1 + -4)) a composite number?
False
Let g(f) = 1007*f**2 - f - 1. Let w be 8/(-12)*(-45)/2. Suppose 16*z = w*z - 1. Is g(z) composite?
True
Suppose 442052 + 352225 + 441897 = 6*a. Is a a prime number?
False
Let y = -3476 - -543. Let n = 1479 + y. Let z = n - -2373. Is z prime?
True
Let o be -214 - (-2)/(-2 - 0). Suppose 2*f - 18 = 5*b - 2618, -20 = -4*f. Let c = o + b. Is c a prime number?
True
Let z be 17965 - (0/(-3))/(-4). Is ((z/15)/1)/((-2)/(-6)) composite?
False
Let m(w) = -29*w + 7 + 35*w + 18*w**2 + 11*w**2. Is m(6) prime?
True
Is 2447 - -12*(-50)/60 prime?
True
Suppose -1299396 = 15*v - 46*v. Suppose z - 1460 = -4*k + 9033, -4*z - 2*k = -v. Is z composite?
False
Let d = -9 - -30. Suppose 8*y - 61 = -d. Suppose -y*n + 426 = -5549. Is n a composite number?
True
Let m = 310639 + -170836. Is m a composite number?
True
Let j(q) = -1789*q**3 - 6*q**2 - 13*q - 1. Is j(-4) a composite number?
False
Let y(r) = -32*r - 51. Suppose -7*g - 24 - 18 = 0. Is y(g) a composite number?
True
Let f be 1*(-45)/3*(-2)/3. Let p(z) = 5*z**3 - 12*z**2 + 9*z + 63. Is p(f) a composite number?
True
Let o = -367612 - -525963. Is o a composite number?
False
Let k = -649 + 2954. Is 9 + (-3 - 2) + k composite?
False
Suppose -2*t + 32 = 6. Suppose -t*h = -1514 - 18480. Is h prime?
False
Let m(f) = 10923*f - 5. Let d be m(1). Is d/5 + (-9)/15 a composite number?
True
Let i be (-10)/(-75) + (-732824)/(-120). Let z = i + -3900. Is z a prime number?
True
Suppose 9*f + 20366 = 4*f - 3*j, f = -4*j - 4080. Let o = -2787 - f. Suppose o = 4*w + w. Is w prime?
True
Suppose -63 = -12*n + 21. Suppose n*d + 313904 = 23*d. Is d composite?
True
Let p(y) = -5*y - 40 - y**3 + 48 - 7*y**2 + 0*y**3. Let o be p(-6). Suppose -752 = -o*s - 138. Is s a composite number?
False
Let j(n) = 8516*n + 1437. Is j(5) a prime number?
True
Suppose 3082144 - 5009425 = -23*r + 12617068. Is r composite?
False
Let x = 1486390 - 1011311. Is x composite?
True
Let b = -90 + 93. Suppose 5*c - 107 = -4*k - 22, 0 = -2*k + b*c + 37. Is (k/4 - -2141) + 3 a composite number?
True
Suppose 3*r - 2458 = 4529. Suppose 7*x + 2*w - r = 6*x, 4*w - 6979 = -3*x. Is x prime?
False
Let l = -3315 + 7354. Is l a prime number?
False
Let s(g) = -231*g**3 + 24*g**2 + 40*g + 180. Is s(-7) prime?
True
Let d(i) = 459*i**2 + 54*i - 61. Is d(-16) prime?
True
Let b(t) = -14175*t + 941. Is b(-14) a prime number?
False
Let x = -93981 - -165680. Is x composite?
False
Let g = 913091 - 430012. Is g prime?
False
Suppose -4 = 2*v, 0*v = -2*z + 4*v + 218554. Is z composite?
True
Suppose -693242 - 88189 = -21*l. Is l a prime number?
False
Is (((-5)/(-20))/((-3)/(-30)))/((-2)/(-149636)) prime?
False
Let d = 459 - 454. Suppose 1928 = -x - 3*q + 13264, 56668 = d*x + 3*q. Is x a prime number?
False
Let b(z) = -3*z**3 - 29*z**2 - 7*z + 2. Let h be b(-9). Let s be 4/(-14) - 1160/7. Let x = h - s. Is x a prime number?
False
Let g be 0/(1 + -2) - (-6 + 8). Is 1361/((-2)/g*(4 + -3)) composite?
False
Suppose 3*q + 16587 = 4*r + 166, 0 = r - 4*q - 4102. Let m = 6873 - r. Is m a prime number?
True
Let n(x) = 104964*x**2 + 149*x + 422. Is n(-3) a composite number?
False
Let q = 1893 - -1642. Suppose -5*i - 5*d = -2*d - q, -3*i + 2121 = -3*d. Is i a composite number?
True
Let x = 210830 - -189729. Is x composite?
False
Let f(m) = 11*m**2 - 9*m + 5. Let p = -32 + 28. Let y be (3 - -13)/p - -13. Is f(y) prime?
False
Suppose 2*n + 1350277 = 5*m, -2*m - 20190 + 560303 = -3*n. Is m prime?
False
Is (-484604)/(-6) - 13/39 prime?
False
Let p = -13982 + 30517. Is p a composite number?
True
Let g = 8732 - 4220. Let n be 6 + (-119)/21 - -170*20/15. Suppose n = 7*k - g. Is k composite?
False
Let j be 2/((-4)/(-18)*1). Suppose -j*u - 4*u = -19643. Is u prime?
True
Suppose -2*k - 4*u + 59 = k, 3*k - 19 = 4*u. Let t be 2/4*26/k. Is -3 + -1 + 676 + t a prime number?
True
Let x(w) = -36*w**3 + 32*w**2 + 220*w - 9. Let s(l) = -17*l**3 + 16*l**2 + 109*l - 5. Let u(j) = 5*s(j) - 2*x(j). Is u(-6) prime?
False
Is -13807*5*2*8/(-16) a prime number?
False
Let p(w) be the first derivative of -13/2*w**2 + 2*w**3 - 43*w + 19. Is p(-14) prime?
False
Let w = -25 + 7. Is w/(-18)*(0 - -2 - -1079) prime?
False
Suppose 4*u + 199766 = 2*o, -130156 = -3*o - 2*u + 169509. Is o prime?
False
Suppose 10*u = -74 - 76. Is (u/(-45))/(2/1986) a composite number?
False
Suppose 0 = 61*m - 3369194 - 9110369. Is m a prime number?
True
Let t(p) = -p**2 + 6*p + 7. Let s be t(0). Is (3 - s/3)/(8/33252) a prime number?
False
Let g(x) = x**3 + 14*x**2 + 9*x + 19. Let l(o) = -o + 6. Let a be l(2). Let s = a + -12. Is g(s) a composite number?
False
Let q = -17680 - -7923. Let z = q + 16278. Is z prime?
True
Suppose -88*g + 97*g - 428580 = 0. Let d = g + -25007. Is d prime?
True
Let h(c) = 120*c + 1558. Let x be h(-13). Let y be (-94)/(-4) + (-1)/(-2). Is (-505)/x + y/(-16) a prime number?
True
Let r = 11 + -6. Suppose r*i + 1794 = -4*c + 6*c, -5*c - 4*i = -4518. Let a = 921 + c. Is a a composite number?
False
Let d(u) = 13*u**2 - 77*u + 1099. Is d(72) a composite number?
True
Suppose 3*i - 53 = -2*q + 4*q, -3*i + 5*q = -56. Let o(g) = g**2 + 7*g - 11. Let c(m) = m**2 + 1. Let k(f) = 6*c(f) + o(f). Is k(i) a composite number?
False
Suppose -4*g = -4*a - 72, 2*a - 5 = 3. Suppose g*m - 20618 = 97544. Is m composite?
True
Let z(l) = l**3 + 5*l**2 - 5*l - 23. Let d be z(-3). Suppose -4*q - d = q, 6161 = w + q. Is w a composite number?
False
Suppose -24 = 3*t + 3*f, 2*t - 3*f = 4*t + 17. Let d be -1 + 0 + 10 + t. Suppose 4*v - 7868 = -4*a, d*v = 3*a + 6332 - 2403. Is v a prime number?
False
Suppose 2*x + 3*s - 771025 = 0, x + 5*s = 497833 - 112303. Is x a composite number?
True
Let r = 62196 + -19243. Is r prime?
True
Let b(z) = -736*z + 21. Let t be b(-5). Let g = t - 2586. Is g a prime number?
False
Suppose 9*t - 91 = 71. Let a be t/27*-3*2/4. Is (-2)/((-4)/751)*(1 - a) prime?
True
Let k be ((-15)/12)/((-52)/16 - -3). Let v be 2/5 - (2 + (-7143)/k). Suppose -331 - v = -6*l. Is l prime?
True
Let z(b) = b**3 - 15*b**2 + 22*b + 16. Let a be z(13). Let d = 1228 - a. Suppose -4*v + d = j + 31, v = -5*j + 332. Is v a prime number?
True
Let v(x) = x**3 + 14*x + 44449. Is v(0) a composite number?
False
Is (1/2)/(5/52190) composite?
True
Let m(g) = -30*g + 2. Let i be m(-1). Let o = 43 - i. Let n(f) = 98*f + 33. Is n(o) a composite number?
True
Let w(o) = 1250*o**2 - 3*o - 2. Let z be w(-1). Let q = 519 - -289. Let a = z - q. Is a a composite number?
False
Let a = 39348 - 17119. Is a a composite number?
False
Let s = 16104 + -8138. Let u = s - 4283. Is u composite?
True
Let r(g) = g**2 - 15*g - 4 - 5*g + 6*g**2 + 0. Let n be r(9). Suppose -5*i = -5*z - 630, 3*i + 2*z + 0*z = n. Is i prime?
True
Let j be 1 - 0 - -584 - 2 - 2. Let x = -267 - j. Let n = 1737 + x. Is n prime?
False
Let j = 53 + -106. Let w = -45 - j. Is (-583)/(-3 - w/(-4)) a prime number?
False
Suppose 11*d + 1383363 = 5*s + 13*d, 3*d = 12. Is s a prime number?
True
Let m = 30 + -27. Suppose 61 = 5*v + 3*w, 0 = -m*v + w + 42 + 3. Is 1 + 10588/v + (-10)/35 composite?
False
Let o(j) = j**3 + 13*j**2 - 17*j - 38. Let r be o(-14). Is 2*(-16 - -5458)*1/r a composite number?
True
Suppose -25*f = 60*f - 8*f - 28872151. Is f a composite number?
True
Let f(u) = -2*u**2 + 8*u + 8. Let t be f(5). Let z be -1*t/(-2) - -3. Suppose -3*a + 5*y = -a - 230, 3*a - 345 = z*y. Is a composite?
True
Let b = 6 + 13. Let u(k) = 4*k**2 + 26*k - 71. Is u(b) composite?
False
Let q(z) = 44*z + 7. Let c be 